 -v. Calculate the remainder when 84 is divided by y.
16
Let r = -11 + 17. Let y be 0/2 - -2 - (59 - 61). Suppose y*f - 17 = 71. Calculate the remainder when f is divided by r.
4
Let m(x) = x**2 + x + 18. Let y be m(-4). Suppose 0 = 10*s - 60 + y. Calculate the remainder when 21 is divided by s.
0
Let u(v) = v + 8. Let s be u(15). Let k = s + -16. Let r(h) = 11*h - 34. Calculate the remainder when r(k) is divided by 13.
4
Let j = -329 - -385. Calculate the remainder when 292 is divided by j.
12
Suppose 3*a - 12 = 0, -4*p = -3*p - 4*a - 28. Let k = p + -38. What is the remainder when 12 is divided by k?
0
Let f(l) = -l**2 - 90*l - 417. Let p be 3 + (-2)/((-6)/(-285)). Let o = -30 - p. Calculate the remainder when o is divided by f(-5).
6
Suppose 97 - 799 = -13*r. Suppose -4*t + r = 2*s, 0 = t - 14 + 11. What is the remainder when 417 is divided by s?
18
Let n(x) = -93*x + 291. What is the remainder when 3538 is divided by n(3)?
10
Let l = -849 + 887. Let v(b) = -9*b - 9. Let o be v(7). Let j = o + 221. Calculate the remainder when j is divided by l.
35
What is the remainder when 745 is divided by (2700/48 - 15)*8/6?
30
Let s = -846 + 1709. Calculate the remainder when s is divided by 108.
107
Suppose 6*h = 20*h - 14. Calculate the remainder when 3 - (-3 + h + -90) is divided by 14.
11
Let u(c) = 51*c**2 + 89*c + 70. What is the remainder when u(9) is divided by 3?
1
Let n = 634 + -73. Let o = 632 - n. What is the remainder when o is divided by 3?
2
Let o(b) = -2*b**3 - 12*b**2 + 61*b + 33. What is the remainder when o(-13) is divided by 399?
10
Let u be 1 + (4 - 5 - -3). Let o be 540/(-150)*(-1 - u/2). Suppose o*n = -5*n + 252. Calculate the remainder when n is divided by 10.
8
Let j = -6034 - -6191. Suppose 0*h = -5*h + 180. What is the remainder when j is divided by h?
13
Suppose -152*o = -138*o - 1064. What is the remainder when 371 is divided by o?
67
Let k = -33639 - -33724. What is the remainder when 191 is divided by k?
21
Let h(u) = 12*u**2 + 125*u + 400. What is the remainder when 779 is divided by h(-5)?
29
Suppose 4*n - 3*t = 667, -483 = -5*n - 3*t + 317. Let y = n + -154. Suppose 0*r - 20 = -5*r. What is the remainder when y is divided by r?
1
Let u(w) = 165*w + 2450. What is the remainder when u(-13) is divided by 262?
43
Let s(a) be the first derivative of a**4/4 + 14*a**3/3 + 45*a**2/2 - 4*a - 252. What is the remainder when 94 is divided by s(-7)?
22
Suppose -4*z + 132 = 5*p, -304*z - 5*p = -301*z - 89. What is the remainder when 564 is divided by z?
5
Suppose 261 = 2*b - 3*d, -b - 59*d = -56*d - 153. Calculate the remainder when 174 is divided by b.
36
Let p = 2 - -3. Let y(d) = d**3 - 6*d**2 + 8*d - 7. Calculate the remainder when (-3)/2*(156/(-9) + -2) is divided by y(p).
5
Suppose -179*t - 6 = -176*t. Let i be t*2 + (13 - (6 - 1)). Suppose -25*a = -i*a - 1974. What is the remainder when a is divided by 26?
16
Let v = -3463 - -3501. Calculate the remainder when 256 is divided by v.
28
Let j(m) = -11*m**3 - 2*m**2 + 3*m + 9. What is the remainder when j(-5) is divided by 8?
7
Let u = 52 - 52. Suppose -6*o = -4*o - u*o. Let c(v) = v**2 + 4*v + 63. Calculate the remainder when c(o) is divided by 33.
30
Let b(t) = 4*t**2. Suppose -z = 22 - 28. Suppose -10*u - 4 = -z*u. Calculate the remainder when b(u) is divided by 1.
0
Let i = -12 - -7. Let s(r) be the third derivative of -7*r**4/12 + 7*r**3/6 + r**2 - 63. What is the remainder when s(i) is divided by 20?
17
Let d be -8*1*(-30)/12. Calculate the remainder when 514 is divided by (-94*5/d)/((-1)/2).
44
Let t(s) = -962*s - 3805. Let j(u) = 6*u**2 - 2*u - 5. Calculate the remainder when j(4) is divided by t(-4).
40
Suppose 68 + 424 + 380 = a. What is the remainder when a is divided by 11?
3
Let z = -302 - -324. Suppose n = v - z, 3*v + n = -3*n + 94. What is the remainder when 467 is divided by v?
25
Suppose 0 = -3*w + 393 - 135. Suppose 3*x - 134 = -w. Calculate the remainder when (-7)/(-1*(-2)/(-18)) is divided by x.
15
What is the remainder when (-333)/6*((-15)/(-27))/((-20)/24) is divided by 14?
9
Calculate the remainder when 9 - 4385*28/(-70) is divided by 36.
35
Suppose 5*s - 74 = -2*t + 68, s - 302 = -4*t. What is the remainder when 292 is divided by t?
64
What is the remainder when 20/((-5580)/(-125767)) - (-2)/9 is divided by 35?
31
What is the remainder when ((-2)/6)/((-10)/(-30)*(-1)/457) is divided by 155?
147
Let k = 82 - 77. Suppose 16 + 14 = k*w. What is the remainder when 8/(-24) + 164/w is divided by 7?
6
Let t = -30 - -30. Suppose -8*q + 5*q = t. Calculate the remainder when 73 is divided by (3/(q - 6))/(9/(-684)).
35
Let s = 21 + 11. Suppose -s = -2*d - 4. Let t = 115 - 75. Calculate the remainder when t is divided by d.
12
Let d = -39 + 48. Suppose 5*o - d = -2*z + 63, -2*o + 108 = 3*z. Calculate the remainder when z is divided by 21.
15
Let n = -175 + 186. Calculate the remainder when ((-54)/135)/(1/(-180)) is divided by n.
6
Suppose 328*d - 28110 = 4690. Calculate the remainder when 675 is divided by d.
75
Let u = -192 - -216. What is the remainder when ((-15 - -8)/(-1))/(3/u) is divided by 15?
11
Suppose -5*f - 3 = -3*t, 0*f + 4*f = 2*t. Let o(x) = -2*x + 17. Let g be o(t). Suppose -1 - 94 = -g*a. What is the remainder when a is divided by 10?
9
Suppose -2*n + 18 - 10 = 0. Suppose -n*a - 671 = -2*k - k, a + 683 = 3*k. What is the remainder when k is divided by 29?
26
Suppose -7*f - 88 = 227. Let g = -197 - f. Let r = g - -259. What is the remainder when r is divided by 28?
23
Calculate the remainder when 1009 is divided by (-1 + 5)/(1012*(-9)/(-909) + -10).
201
Let r = 74070 + -35656. What is the remainder when r is divided by 195?
194
Suppose 3*u - i = 11 - 2, -i - 5 = -u. Calculate the remainder when (-2 - (-17)/u)/((-2)/(-44)) is divided by 21.
17
Suppose 4*s - 4*n = -20, -2*s + 4*s + 10 = -4*n. What is the remainder when (-2)/(-12) - (s + (-195)/18) is divided by 7?
2
Suppose 11*h = 15 - 81. What is the remainder when 28 is divided by (-649)/(-66) + (-1)/h?
8
Let l = -103 - -119. Suppose 4*t + 6 = 3*z, -3*t = 2*t. Let n = 7 + z. What is the remainder when l is divided by n?
7
Let o(q) = -q**2 - 18*q - 16. Suppose -5*h + 848 = 3*m + 455, -3*h - 3*m + 231 = 0. What is the remainder when h is divided by o(-14)?
1
Let n = 30 + -15. Let w be (-11 + 9)/(24/(-10) - -2). Suppose w*j = n*j - 80. What is the remainder when 14 is divided by j?
6
Suppose 3*a = 6, 4*a - 1166 = 4*s - a. Let n = s + 478. Calculate the remainder when n is divided by 19.
18
Let j(g) = -2 + 12*g**2 + 6*g + 4*g**2 + 8*g - 12*g. Suppose 3*x = -2*a + 15, -x + 5 = 4. What is the remainder when j(1) is divided by a?
4
Let y = 39 - 41. Let b be 3 + 0 + -1 - (5 + y). Calculate the remainder when (7 - b)/(6/(-13))*-3 is divided by 14.
10
Let o(c) = -3*c**2 - 25*c + 8. Let x(r) = 46*r**3 + 2*r**2 + 3*r - 4. Calculate the remainder when x(1) is divided by o(-8).
15
Suppose 2*o = -o + 78. Let g be 3/3*(-1 + -38)*-1. Let j = g - o. What is the remainder when 18 is divided by j?
5
What is the remainder when (5/(-2))/(((-44)/(-3300))/((-126)/5)) is divided by 43?
38
Suppose 382*l = 438*l - 4312. Calculate the remainder when 230 is divided by l.
76
Let i = 3585 - 3268. Calculate the remainder when i is divided by 8.
5
Suppose -144 - 20 = -4*n. Suppose n = 3*d - 7. Let f(b) = 24*b**2 + 7*b + 9. Calculate the remainder when f(-1) is divided by d.
10
Let f = -9 - -11. Let r(i) = -2 - 3*i + i**3 - i - 6*i + 7*i + 4*i**f. Calculate the remainder when 17 is divided by r(-4).
7
Calculate the remainder when 384 is divided by 2/(-10) - (-5796)/105.
54
Suppose 4*n = 147*n - 150722. Calculate the remainder when n is divided by 71.
60
Suppose 0 = 2*l + 4*p - 2106, -4*l - 8*p + 4224 = -3*p. Calculate the remainder when l is divided by 13.
8
Let i = 5120 + -4929. Calculate the remainder when 582 is divided by i.
9
Suppose 11*j + 327 = 4647 + 1268. What is the remainder when j is divided by 69?
25
Let d(j) = 12*j**3 + 20*j + 17. What is the remainder when 216 is divided by d(0)?
12
Let o = 11 - -22. Suppose -3*x - o = -27. What is the remainder when ((-8)/(-6))/x*-30*1 is divided by 6?
2
Suppose 0 = 16*g - 13*g + 5*m - 759, 0 = -3*g + 5*m + 819. Calculate the remainder when 1640 is divided by g.
62
Let y = -2622 -